5 + -31. Suppose 2*d + 7*g = 3*g, -u*d = 4*g - 8. Is r(d) a composite number?
False
Suppose -2*a + 5*r = 3*a, 24 = 5*a + 3*r. Suppose 4*h = -a*k + 24, k - 10 = -2*h - 0*h. Suppose 0 = -h*l + 2*l + 11. Is l a composite number?
False
Is 46/(-69)*2553/(-2) a composite number?
True
Let x(f) = 6*f**2 + 4*f - 7. Let d(y) = -y**2 - 5*y + 1. Suppose -4*q = -5*q - 6. Let j be d(q). Is x(j) a prime number?
False
Let p be 2/(-3) + (-25904)/(-12). Let b = -1460 + p. Is b prime?
False
Suppose -10*z + 5*z = -955. Is z a prime number?
True
Suppose 4*p = -3*u + 170, -4 = 3*p - 19. Let i = 615 + u. Suppose i = o + 4*o. Is o prime?
False
Suppose 50289 = 5*w + 2*s, -3*w - 6*s + 2*s = -30179. Is w composite?
True
Let q(m) = -m**3 - 9*m**2 - 67*m - 2. Is q(-11) composite?
False
Let a = -15 + -114. Is a/9*-78 - 2/2 a composite number?
False
Suppose -4*t = 8, -4*a + t - 10 = -2*t. Let h = 0 - a. Suppose -2*z - 159 = -h*i + 87, 0 = -5*i + z + 300. Is i a composite number?
False
Let h(p) = -12*p**2 + 6. Let j be h(3). Let v = 483 + j. Is v a composite number?
True
Let c(q) be the third derivative of 7*q**5/30 + q**4/24 + 2*q**3/3 + 2*q**2. Let o be 53/(-17) + 6/51. Is c(o) composite?
False
Suppose 25941 = 4*r + d, -3*d = r - 2*r + 6482. Is r a prime number?
False
Suppose 5*o - 753 = -2*j, 2*j = o - 47 - 94. Is o a composite number?
False
Suppose -2*o = -0*o + c - 2585, 0 = 5*o - 2*c - 6467. Suppose 0 = -2*j + 2, o = l + 2*j + 194. Is l a composite number?
False
Let g = 10674 - 3301. Is g a prime number?
False
Let q(c) be the first derivative of c**3/3 + c**2 - 9*c - 9. Suppose 0 = 4*s - 8 - 32. Is q(s) prime?
False
Let s = 3911 - 1516. Suppose -60*t + 65*t = s. Is t composite?
False
Let z(h) = 4 + 0 - 12*h + 8*h - 141*h. Is z(-1) a prime number?
True
Let c = -27 - -46. Let o = -14 + c. Suppose o*z - 5*k = 674 + 1501, 0 = 4*z + 4*k - 1708. Is z a composite number?
False
Let b(w) = w**2 - 2*w + 2. Let f be b(2). Let r be -1 + f + 1 - 0. Suppose -h + 3*h = 5*i - 1087, 2*i = -r*h + 432. Is i prime?
False
Let i(c) = 2*c + 35. Let k be i(-14). Let b(q) = 126*q - 31. Is b(k) composite?
True
Suppose 3*l - 14870 = -5*d + 3634, -3*d - 12317 = -2*l. Is l composite?
False
Suppose -2*w - 3*c = 9, -6*c + c = 2*w + 15. Suppose -4*n + 13 - 1 = w. Suppose 3 = n*q - 99. Is q a composite number?
True
Let i(j) = 78*j**2 - 6*j - 3. Let d be i(-4). Suppose 3*l = -2*b - 1768, 3*b - 5*l + 3392 = 702. Let p = d + b. Is p prime?
True
Is (22/6 - 3) + 10014/18 composite?
False
Let d = -4730 + 16593. Is d a prime number?
True
Suppose 0 = -43*j + 181252 + 87025. Is j prime?
False
Suppose 11 = 2*i - 359. Suppose 0 = 4*p + i + 119. Let b = -42 - p. Is b prime?
False
Suppose u + 1 - 3 = 0. Let y(j) = 102*j**2 + 2*j - 3. Is y(u) a prime number?
True
Suppose 0 = -5*j - f - 17767, -6*j + 2*f - 17761 = -j. Let k = -2082 - j. Is k prime?
True
Suppose 5*a = 2*t + 16923, 3382 = -32*a + 33*a - 3*t. Is a composite?
True
Let m(h) = -h**2 - 7*h + 2. Let p be m(-7). Suppose -p*o + 475 = -1039. Is o a composite number?
False
Let k be (-8 - -23)*(0 - 1). Let i(l) = -l + 24. Is i(k) a composite number?
True
Let u = -1893 + 3186. Is u a prime number?
False
Let f(k) = -17 + 11*k**2 - 2*k**2 + k + 2*k. Is f(10) a prime number?
False
Let f(y) = -y**2 + 6*y + 10. Let s be f(7). Let q be (-1006)/(-4)*(s - 1). Suppose 101 + q = 5*v - u, -5*u = 3*v - 368. Is v a prime number?
False
Suppose -c - 3*l = -21, 2*c - 5*c = -4*l - 24. Let k(m) = -4*m**2 + 4*m - 2. Let f be k(2). Let o = f + c. Is o a composite number?
False
Suppose -13 - 7 = -5*u - z, 3*z = -5*u + 10. Is ((-5862)/12)/(((-10)/4)/u) composite?
False
Let g = -8 + 11. Let y(k) = 5*k**2 + 3 - 5*k + 0*k + 0*k**3 + k**g - 5. Is y(-3) composite?
False
Suppose 5*d = -0*d - 3*f + 5224, -5200 = -5*d + 5*f. Is d composite?
True
Suppose 0 = -2*q + 3*m, -4*q + 5 = -2*m - 11. Suppose q*g = -4*g + 4790. Is g prime?
True
Suppose 3 = -3*n, -4*n = 4*a + 50 + 50. Is 139/3 - (160/a + 6) a prime number?
True
Let p = 35 + -90. Is (-11)/p - (-7014)/5 a composite number?
True
Is 2 + (-48)/27 - 8053/(-9) a composite number?
True
Suppose -3*m + 3 + 15 = 0. Suppose m*i - u - 15759 = 2*i, 0 = -3*i + 4*u + 11803. Is i prime?
False
Let d(z) = 4*z**3 - 2*z**2 + 3*z - 7. Let o be d(6). Let g(r) = 55*r + 59. Let l be g(21). Let w = l - o. Is w a prime number?
False
Let a(r) = -2*r**3 + 3*r**2 + 2*r + 1. Let y be a(2). Is -877*(0 + (y - 2)) composite?
False
Let b be 61028/(-12) - 2/(-3). Is b/6*4/(-6) a composite number?
True
Let u(l) = 7859*l**3 + 2*l**2 + 2*l - 2. Is u(1) a prime number?
False
Is (-5)/3*3 + 5298 a prime number?
False
Suppose 11*o - 9*o - 2706 = 0. Suppose -o = 3*b - 4722. Is b prime?
True
Let o(k) = -93*k - 1. Let f be (1 - 0) + -2 + 3. Let h(d) = 465*d + 5. Let i(s) = f*h(s) + 11*o(s). Is i(-6) a prime number?
True
Let h(x) = -2*x + 4 + 10*x**3 + 1 + 15*x**2 + 3*x**3. Let w(d) = -7*d**3 - 7*d**2 + d - 2. Let p(y) = -4*h(y) - 9*w(y). Is p(3) composite?
True
Let k = 174 - 78. Is (-12)/k - 4905/(-8) composite?
False
Suppose 2*v + 2*v - 16 = 0, u + 3 = -3*v. Let i = u + 12. Is -1*(-115 - (-5 - i)) prime?
True
Let t(c) = -11*c + 1. Suppose -2*o + 5*l = -6 + 23, -o - 7 = -2*l. Let u be t(o). Suppose 3*h - 5*h + u = 0. Is h prime?
False
Let i(g) = 5*g + 4. Let k(j) = 2*j**2 - 7*j + 9. Let c be k(4). Is i(c) a composite number?
True
Suppose -p - a + 3*a - 468 = 0, 2*a = -2*p - 906. Let l = 926 + -37. Let z = p + l. Is z a composite number?
False
Let t(x) = -x**3 - 16*x**2 - x - 17. Suppose -5*n - 26 - 104 = 0. Is t(n) a composite number?
True
Suppose -5*y = -5*v + 1595, -5*v - 7*y = -11*y - 1590. Is v a prime number?
False
Let v(y) = 3*y**2 + 6*y - 163. Is v(9) composite?
True
Suppose -9*b + 84264 = -99021. Is b prime?
False
Let z(f) = -2*f**3 - 7*f**2 + 13*f - 9. Suppose 0 = 5*n - 0*n + 40. Is z(n) composite?
False
Suppose 3*n + 52*y - 94904 = 47*y, 126530 = 4*n - 2*y. Is n composite?
True
Suppose -6*k + 8 = 5*i - 4*k, -5*i - 3*k + 7 = 0. Let c(s) = -4*s + 5*s - i*s + s**2 + 443. Is c(0) prime?
True
Let p be (-10 - 0)*(-222)/12. Suppose 0 = v - 4*x - 147, -p = -5*v + 4*x + 598. Suppose -u = 2*u - v. Is u prime?
True
Let j = 52 + -48. Suppose -2*d + 580 - 1580 = -j*z, 2*z + d = 504. Is z composite?
False
Let p(l) = -5*l**2 + 69*l + 8. Let b be p(14). Let g = 4 + -1. Is -3 - b/g - -54 a composite number?
False
Let y(o) = -59*o**2 + 2*o - 1. Let k be y(1). Is (k/(1 - -1))/(2/(-14)) composite?
True
Let r = -417 + 1088. Is r composite?
True
Let q(x) = 2*x**2 + 5*x - 7. Let s be q(3). Let k(a) = a + 89. Is k(s) a prime number?
False
Let m = -9 + -314. Let s(r) = 53*r - 9. Let b be s(9). Let g = m + b. Is g a prime number?
False
Suppose -7*q = -3*q. Let f = q - -5. Suppose 4*i + 293 = f*i. Is i a prime number?
True
Suppose -9*l + 28847 = 2756. Is l a composite number?
True
Let l(d) = 200*d**2 + 5*d - 1. Is l(-10) a composite number?
False
Suppose -2*c + 0 = -16. Suppose 0 = c*x - 3*x + 60. Is x/(-20) + 1416/15 a composite number?
True
Let s(o) = 39*o**2 - 5*o - 5. Let c(j) be the third derivative of j**5/60 - j**4/24 - j**3/6 - 10*j**2. Let a(l) = 2*c(l) + s(l). Is a(9) a prime number?
True
Is (-202)/707*(-408814)/4 a prime number?
True
Suppose -2*o - 30257 = -5*o - 4*z, -4*z + 40336 = 4*o. Is o a prime number?
True
Let q(s) be the second derivative of s**3/6 + 11*s**2/2 + 4*s. Let c be q(-7). Suppose 5*b + k - 4*k - 268 = 0, 2*k + 214 = c*b. Is b prime?
True
Let o = 48 + -49. Is 3/(-9) + ((-4627)/(-3) - o) a composite number?
False
Suppose -23 = -l + 5*h - 0*h, -20 = 5*l + 2*h. Let y be 2/(-5) - 64/(-10). Is (-8)/y*303/l composite?
True
Suppose 3*s = -0*s - 1794. Let f be s + -3 + 4 + 0. Is 1*f*(-5)/15 a composite number?
False
Let n(d) = d - 447. Let z(o) = 0*o + 1 + 6*o - 5*o. Let l(f) = -n(f) + 2*z(f). Is l(0) composite?
False
Let i = -3120 + 4847. Is i composite?
True
Let b(k) = -6*k**3 - 5*k**2 + 4*k - 2. Let y(j) = 6*j**3 + 6*j**2 - 5*j + 2. Let w(i) = 4*b(i) + 3*y(i). Is w(-3) composite?
False
Let j be (-1)/((-1 - 2)/69). Suppose 8 = 4*n - 5*x, 5*n - x - 8 = j. Is n a prime number?
True
Let h = 8907 + -5708. Is h a composite number?
True
Let w(f) be the third derivative of f**6/30 - f**5/60 + 3*f**2. Let g be w(3). Suppose 4*j - g = 545. Is j a composite number?
True
Suppose -y 